13. Let d(m) = z*f(m) - 2*h(m). Determine d(-5).
-6
Let d(f) = 105*f - 203. Suppose 523 - 111 = 206*h. What is d(h)?
7
Let v be (-30)/34 + 27/((-5967)/26). Let c(n) = -6*n**2 - 9*n - 7. Determine c(v).
-4
Let t(v) be the third derivative of -v**5/60 + v**4/8 + 2*v**3/3 + 5*v**2 - 63. What is t(-5)?
-36
Suppose -361*z - 516*z - 5262 = 0. Let n(h) = 7*h**2 - h - 2. Let c(o) = -o**2 + o. Let l(s) = 6*c(s) + n(s). Give l(z).
4
Let a(o) = -o - 20 + 2*o + 16. Let c(z) = -3*z**2 + z - 1. Suppose 2 - 4 = -2*u. Let b be c(u). Calculate a(b).
-7
Let b(z) = z**3 - z - 1. Let j(q) = -7*q**3 - q**2 + q + 3. Let y(g) = 2*b(g) + j(g). Let f = 718 - 717. What is y(f)?
-6
Suppose 18*b = 9411 - 9303. Let h(a) = -2*a**3 + 9*a**2 - 2*a + 4. Calculate h(b).
-116
Let j(z) = z**2 + 28*z + 39. Suppose -3983 + 161 = -15*k + 162*k. What is j(k)?
-13
Let w = -182 - -185. Suppose w*l + 7 = 19. Let n(s) = -s + 3. Determine n(l).
-1
Let y be (-16)/6*(8 + -5). Let k(h) = -28*h**3 + 0*h**2 + 7*h + 9*h**2 - 15*h**3 + 6 - 21*h**3 + 65*h**3. Calculate k(y).
14
Let c(a) = 2*a**2 + 33*a + 24. Suppose 4*g - h = -59, 100 = -5*g - 51*h + 47*h. Determine c(g).
8
Suppose 3*u - 8583 = 2*u - 8600. Let j(b) = -4*b - 29. What is j(u)?
39
Let n(z) = z + 25. Let b be (-300)/16 + (-27)/(-36). Let d(t) = t**3 - 2*t**2 + 2*t + 2. Let a be d(-2). Let r = b - a. Determine n(r).
25
Suppose a - 4*c + 28 = 0, -5*a + c - 25 = 1. Let h(u) = -u**3 - u**2 + u - 2. Give h(a).
42
Let g(m) be the third derivative of m**5/60 - m**4/3 + m**3 - 11*m**2. Suppose r = 5*x - 10, 12 = 7*x - 4*x. Let c be 36/(-24)*r/(-3). What is g(c)?
-9
Let t(l) = 17*l + 77. Let k be t(-7). Let v = 36 + k. Let g(a) = a**3 + 5*a**2 - 9*a - 6. Give g(v).
12
Let n(j) = 1 - 6 + 10 + j + 9 - 1. Let p(d) = -d**2 + 3*d - 6. Let w be p(3). Determine n(w).
7
Let q(g) = -2*g**3 - 3*g - 8*g - 26*g**2 - 5*g + 5*g + 16*g**2 + 7. Determine q(-6).
145
Let k(c) = 8*c**2 + 10*c - 150. Let x(w) = 7*w**2 + 9*w - 149. Let u(o) = -6*k(o) + 7*x(o). Let g be u(-13). Let y(v) = v**2 + 15*v - 10. Determine y(g).
-36
Let h(x) = -x**3 + 2*x**2 + 11*x - 5. Let n be (741 + -746)*(-4)/(-1)*2/(-10). Determine h(n).
7
Let t = 36241 - 36245. Let o(r) = -2*r**2 - 30*r - 5. Calculate o(t).
83
Suppose 0*g + g + 1 = -q, 3*g - 5*q - 5 = 0. Suppose -1 + g = -b. Let k(j) = -17*j + 1. Let f(x) = -15*x + 1. Let v(w) = f(w) - 2*k(w). Determine v(b).
18
Let u(z) = z - 2. Suppose -66*g = -65*g + 6. Let c(d) = -1. Let r(w) = -5*w - 33. Let k(x) = -6*c(x) + r(x). Let o be k(g). Determine u(o).
1
Let w(t) = t**3 - 35*t**2 - 116*t + 68. Suppose -2*u = 5*a - 192, 4*a + 136 = -u + 289. Give w(a).
-8
Let c(l) be the first derivative of l**2 - 15*l + 1295. Determine c(-4).
-23
Let r = -620 + 638. Let n(x) = -x - 10 + 4 + 14 + r. Give n(0).
26
Let u(n) = 41. Let v(m) = -m - 110. Let s(f) = 7*u(f) + 2*v(f). What is s(36)?
-5
Suppose -81*y = 16*y - 8*y - 178. Let x(c) = 0*c - 2 + 3*c + 2*c**2 + c**3 - 3*c**3. Determine x(y).
-4
Let u(g) = -g**3 - 10*g**2 - 3*g + 13. Let i = -5641 + 5632. Give u(i).
-41
Let f be (7776/(-180))/36 + 98/(-10). Let z(n) = n**3 + 11*n**2 + 2*n - 3. Calculate z(f).
-25
Let h(m) = -m**3 - 9*m**2 + 10*m + 5. Let j be h(-10). Suppose 5*u + i - 50 = 0, u + i - j*i = -11. Let t(b) = -b**3 + 8*b**2 + 10*b - 7. Give t(u).
2
Suppose 6*u - u - 50 = 5*s, 0 = u + s - 8. Let t(f) = 8*f - 65. Let l be t(u). Let k = l - 1. Let c(g) = -g**2 + 6*g + 3. Give c(k).
3
Let j(z) = -155*z + 103*z - 31*z**2 + 87*z + 1 + 3*z**3 + 1 + 4. Give j(9).
-3
Let p(u) = u + 6. Let y(b) = -15*b - 39. Let g(t) = -5*p(t) - y(t). What is g(-7)?
-61
Let p(q) = 3*q - 12. Suppose 95 = 18*l + 5 - 180. Calculate p(l).
33
Let p(k) be the second derivative of 2*k**3/3 - 3*k**2 + 20215*k + 2. Let h be (2/4)/(2/16). What is p(h)?
10
Let g(k) = -k**2 + 1. Suppose 4*u = 5*t + 36 - 4, -3*u + 2*t + 17 = 0. Suppose -f - 20 = -m - 16, -14 = -u*m + f. Give g(m).
-24
Let c(v) = v**3 + 11*v**2 + 4*v - 1. Suppose -5*l - 2436 + 2686 = 0. Suppose 0 = -5*o + q - l, 2*q + 31 = -2*o - 1. What is c(o)?
-45
Let m(y) be the first derivative of y**3/3 - 5*y**2 + 10*y - 7784. Let a be (-41)/(-4) + (-2)/8. What is m(a)?
10
Suppose 10*r = 13*r - 5*p + 6, -4*p = -4*r. Let b(v) = -4*v + 4. Calculate b(r).
-8
Let h(u) = -u**3 - 7*u**2 - u - 5. Suppose -o + 13*f - 55 = 10*f, 2*o + 137 = -3*f. Let s be ((-8)/(o/(-28)))/(1/2). Give h(s).
2
Let x be (-576)/792 - 126/(-22). Let z(i) = i**3 - i**2 - i + 1. Let m(p) = 3*p**3 - 9*p**2 + 8*p - 3. Let a(l) = -m(l) + 2*z(l). Give a(x).
5
Let d(f) = 5*f**3 + f**2 - 1. Let c(s) = s**3 + 10*s**2 - 2*s - 21. Let x be c(-10). Let o be 1*x + (23 - (-28)/(-4)). Let y be (-3)/(-9) - 20/o. Give d(y).
-5
Let s = -2917 - -2920. Let t(z) be the third derivative of 1/24*z**4 + 0 + 7/6*z**s - z**2 + 0*z. Calculate t(-5).
2
Let u(g) = -g**3 - 2*g**2 + 11*g + 9. Suppose 160 = -33*r + 28. What is u(r)?
-3
Let h(d) be the first derivative of -137 - 4*d - 1/2*d**2. What is h(-4)?
0
Let r(y) = -y**2 + 3*y + 3. Suppose -13*v + 21 = -5. Suppose 4*g - w = 2*g + 7, -4*w - 22 = -2*g. Let s be (g/v)/(6/(-36)). Give r(s).
-15
Let f(g) = -g**2 - 22*g - 19. Let k be f(-21). Suppose -k*r + 2*n = 0, -r - n + 4*n = 2. Let m(z) = -z + 1. Give m(r).
0
Let r(q) = -q. Suppose 3*l = 2*l + 3. Suppose -j = -6 + l. Suppose -j*v - 18 = 4*t, 6*t - 5 = 4*v + 5*t. Determine r(v).
2
Let q(b) = 7*b**2. Let m(z) = -38*z**2 + z - 49. Let x(g) = -m(g) - 6*q(g). What is x(0)?
49
Let a(y) = 2*y**2 - y + 3. Let o(x) = 13*x + 283. Let h be o(-21). Suppose 3*j - 15 - 21 = 0. Suppose -j*w = -h*w + 6. Calculate a(w).
24
Let l(z) be the second derivative of z**4/12 + z**3 - 13*z**2/2 - 132*z + 3. What is l(2)?
3
Let i(g) = 7*g**2 + 0 - 10 + 2*g**3 - g**3 - 9*g. Suppose -8*l - 2027 - 165 = 0. Let q = 266 + l. What is i(q)?
-2
Let j(m) = m**2 - m. Let t(p) = -p**3 - 6*p**2 - 2*p - 2. Let l(q) = 2*j(q) + t(q). Let s(d) = -d**2 - 14*d. Let c be s(-7). Suppose -k = -47 + c. Give l(k).
-2
Let w(z) = z + 3. Let r(u) = u**2 + 6*u + 7. Let d be r(-5). Suppose -4*j - d*n = -0*n + 8, 5*n + 8 = -4*j. Let m(a) = -4*a - 8. Let k be m(j). Determine w(k).
3
Let c be 58/(-4) - 6/(-12). Let m be (16 + c)*(0 - 6)*-1. Suppose -7*u + m = -u. Let a(s) = -s**3 - 4*s**2 + 3*s - 1. Give a(u).
-19
Let g(m) = 223*m + 665. Let h be g(-3). Let z(o) = 2*o**3 + 7*o**2 - 3*o. Give z(h).
-4
Let h(u) = 9*u - 69. Let g(n) = -48*n + 54. Let d be g(1). Determine h(d).
-15
Let s be (-14 - -15)/(4/3 + -1). Let f(j) = 6*j**3 + 5*j**3 + 8*j**2 + 5*j - 3 - 10*j**s. What is f(-7)?
11
Let n(d) be the second derivative of -d**5/60 + d**4/8 + 25*d**3/3 + 281*d. Let j(z) be the second derivative of n(z). What is j(6)?
-9
Let n(s) = s - 4. Let y(a) = -3*a + 11. Let b(m) = -7*n(m) - 2*y(m). Let d = -18 - -25. Let t = d - 2. What is b(t)?
1
Let d(l) = l**2 + 4*l + 0 + 1 - l. Let q(p) = -p + 17. Let n(f) = -f**2 + 20*f + 21. Let i be n(20). Let u be q(i). Calculate d(u).
5
Let w(h) be the second derivative of 10*h**3/3 - 3*h**2/2 + 1281*h. Determine w(1).
17
Let h = 5 + 1. Let z(k) = 731*k - 1468*k + 739*k - 4. Calculate z(h).
8
Let b(f) = -2*f**2 + 18*f - 35. Suppose -h + 4*r = -12 - 14, 3*r = 3*h - 33. What is b(h)?
1
Let u(y) = 28*y - 25 - 40 + 18*y**2 + 11 + 18*y**2 - 37*y**2. Calculate u(28).
-54
Suppose -61*q = -60*q - 4. Suppose -q*r = 12*r - 16. Let k(b) = 2*b + 1. Calculate k(r).
3
Let t be (-6)/(-9) + (-14)/(-6). Suppose -2 = -113*w + 115*w - 2*m, 4*m = 8. Suppose b - a = -w, -a - t*a + 24 = b. Let k(y) = -y + 2. What is k(b)?
-2
Let k be 1*2*(1491/(-14))/3. Let b be k + ((-10)/(-5) - 0). Let s = -66 - b. Let l(z) = z**2 - 3. What is l(s)?
6
Let f(q) = -3*q**3 - 13*q**2 + 11*q - 4. Let y be f(-5). Let a be (y/(-21))/((-5)/(-35)). Let z(p) = 4*p. Give z(a).
12
Suppose 0 = g + 3*g + 20. Let y(j) be the third derivative of -j**5/60 - 7*j**4/24 + j**3/3 + 7*j**2 + 7*j - 7. Determine y(g).
12
Suppose -15*g - 155 = -770. Suppose -5*q - 59 = 4*v - 8*v, 0 = 4*q + 3*v + g. Let u(a) = a**2 + 12*a. What is u(q)?
-11
Suppose -p = -4*m + 18, 8*m - 7*m - p - 3 = 0. Let h(w) = 4*w - 26. Let a be h(m). Let y(g) = -g**3 - 6*g**2 - g + 2. Calculate y(a).
8
Let r be (-242)/20 - (-1)/10. Let g be (r - -12) + 1/(-2)*10. Let q(t) = t**3 + 4*t**2 - 5*t - 3. Give q(g).
-3
Let g(j) be the third derivati